{"id":173,"date":"2014-11-06T20:18:28","date_gmt":"2014-11-06T19:18:28","guid":{"rendered":"http:\/\/www.solidco.de\/renateschmidt\/?page_id=173"},"modified":"2018-10-24T12:31:59","modified_gmt":"2018-10-24T10:31:59","slug":"autorin","status":"publish","type":"page","link":"https:\/\/www.ret-renateschmidt.de\/?page_id=173","title":{"rendered":"Autorin"},"content":{"rendered":"<h2><span style=\"color: #333333;\">Geschichten, vor allem f\u00fcr Kinder<\/span><\/h2>\n<p>&nbsp;<\/p>\n<h2><strong><span style=\"color: #000000;\">Jakob und sein Herz<\/span>\u00a0<span style=\"color: #808080;\"> (Bilderbuch, Text und Bild)<\/span><\/strong><\/h2>\n<p><span style=\"color: #808080;\"><span style=\"color: #000080;\">(Das Bilderbuch (32 Seiten, DIN A4, 16 gro\u00dfformatige Bilder) kann zu einem Preis von 19 \u20ac (incl. Versand) \u00fcber mich bestellt werden.)<\/span><br \/>\n<\/span><\/p>\n<p><span style=\"color: #000000;\">\u00a0<\/span><\/p>\n<p><span style=\"color: #444444;\">\t\t\t\t\t<div class=\"gallery_box_single\">\n\t\t\t\t\t\t<p class=\"not_found\">Leider nichts gefunden.<\/p>\n\t\t\t\t\t<\/div><!-- .gallery_box_single -->\n\t\t\t\t<\/span><\/p>\n<h3><strong>Kurzinhalt<\/strong>:<br \/>\nEs ist die Geschichte von einem Jungen, der aufgrund eines gro\u00dfen Schmerzes sein Herz und damit seine Gef\u00fchle verliert. Es ist die Kraft der Liebe, die beide wieder zusammenf\u00fchrt.<\/h3>\n<p><a class=\"thumbnail\" href=\"http:\/\/www.ret-renateschmidt.de\/wp-content\/uploads\/2014\/11\/2bh005a.jpg\"><img loading=\"lazy\" decoding=\"async\" class=\"alignnone size-medium wp-image-918\" src=\"http:\/\/www.ret-renateschmidt.de\/wp-content\/uploads\/2014\/11\/1bh01-300x188.jpg\" alt=\"1bh01\" width=\"300\" height=\"188\" srcset=\"https:\/\/www.ret-renateschmidt.de\/wp-content\/uploads\/2014\/11\/1bh01-300x188.jpg 300w, https:\/\/www.ret-renateschmidt.de\/wp-content\/uploads\/2014\/11\/1bh01-1024x643.jpg 1024w\" sizes=\"auto, (max-width: 300px) 100vw, 300px\" \/><\/a><a class=\"thumbnail\" href=\"http:\/\/www.ret-renateschmidt.de\/wp-content\/uploads\/2014\/11\/2bh003a.jpg\"><img loading=\"lazy\" decoding=\"async\" class=\"alignnone size-medium wp-image-386\" src=\"http:\/\/www.ret-renateschmidt.de\/wp-content\/uploads\/2014\/11\/2bh003a-300x184.jpg\" alt=\"2bh003a\" width=\"300\" height=\"184\" srcset=\"https:\/\/www.ret-renateschmidt.de\/wp-content\/uploads\/2014\/11\/2bh003a-300x184.jpg 300w, https:\/\/www.ret-renateschmidt.de\/wp-content\/uploads\/2014\/11\/2bh003a-1024x629.jpg 1024w\" sizes=\"auto, (max-width: 300px) 100vw, 300px\" \/><\/a><a class=\"thumbnail\" href=\"http:\/\/www.ret-renateschmidt.de\/wp-content\/uploads\/2014\/11\/2bh007a.jpg\"><img loading=\"lazy\" decoding=\"async\" class=\"alignnone size-medium wp-image-388\" src=\"http:\/\/www.ret-renateschmidt.de\/wp-content\/uploads\/2014\/11\/2bh005a-300x192.jpg\" alt=\"2bh005a\" width=\"300\" height=\"192\" srcset=\"https:\/\/www.ret-renateschmidt.de\/wp-content\/uploads\/2014\/11\/2bh005a-300x192.jpg 300w, https:\/\/www.ret-renateschmidt.de\/wp-content\/uploads\/2014\/11\/2bh005a-1024x658.jpg 1024w\" sizes=\"auto, (max-width: 300px) 100vw, 300px\" \/><img loading=\"lazy\" decoding=\"async\" class=\"alignnone size-medium wp-image-390\" src=\"http:\/\/www.ret-renateschmidt.de\/wp-content\/uploads\/2014\/11\/2bh007a-300x188.jpg\" alt=\"2bh007a\" width=\"300\" height=\"188\" srcset=\"https:\/\/www.ret-renateschmidt.de\/wp-content\/uploads\/2014\/11\/2bh007a-300x188.jpg 300w, https:\/\/www.ret-renateschmidt.de\/wp-content\/uploads\/2014\/11\/2bh007a-1024x642.jpg 1024w\" sizes=\"auto, (max-width: 300px) 100vw, 300px\" \/><\/a><\/p>\n<h2><strong><span style=\"color: #000000;\">Titel anderer Geschichten<\/span> <span style=\"color: #808080;\">(Auswahl)<\/span><\/strong>:<\/h2>\n<p><span style=\"color: #000000;\">Das gro\u00dfe M\u00e4dchen<\/span><\/p>\n<p><span style=\"color: #000000;\">Das Kind im Tor<\/span><\/p>\n<p><span style=\"color: #000000;\">Das M\u00e4dchen auf der Kreuzung<\/span><\/p>\n<p><span style=\"color: #000000;\">Wie der Fisch zum Regenbogenfisch wurde<\/span><\/p>\n<p><span style=\"color: #000000;\">Die Geschichte vom Tintenfass<\/span><\/p>\n<p><span style=\"color: #000000;\">Der Raum<\/span><\/p>\n<p>&nbsp;<\/p>\n","protected":false},"excerpt":{"rendered":"<p>Geschichten, vor allem f\u00fcr Kinder &nbsp; Jakob und sein Herz\u00a0 (Bilderbuch, Text und Bild) (Das Bilderbuch (32 Seiten, DIN A4, 16 gro\u00dfformatige Bilder) kann zu einem Preis von 19 \u20ac (incl. Versand) \u00fcber mich bestellt werden.) \u00a0 Kurzinhalt: Es ist die Geschichte von einem Jungen, der aufgrund eines gro\u00dfen Schmerzes sein Herz und damit seine&hellip; <a href=\"https:\/\/www.ret-renateschmidt.de\/?page_id=173\">Weiterlesen <span class=\"meta-nav\">&rarr;<\/span><\/a><\/p>\n","protected":false},"author":2,"featured_media":0,"parent":0,"menu_order":0,"comment_status":"closed","ping_status":"closed","template":"","meta":{"footnotes":""},"class_list":["post-173","page","type-page","status-publish","hentry"],"_links":{"self":[{"href":"https:\/\/www.ret-renateschmidt.de\/index.php?rest_route=\/wp\/v2\/pages\/173","targetHints":{"allow":["GET"]}}],"collection":[{"href":"https:\/\/www.ret-renateschmidt.de\/index.php?rest_route=\/wp\/v2\/pages"}],"about":[{"href":"https:\/\/www.ret-renateschmidt.de\/index.php?rest_route=\/wp\/v2\/types\/page"}],"author":[{"embeddable":true,"href":"https:\/\/www.ret-renateschmidt.de\/index.php?rest_route=\/wp\/v2\/users\/2"}],"replies":[{"embeddable":true,"href":"https:\/\/www.ret-renateschmidt.de\/index.php?rest_route=%2Fwp%2Fv2%2Fcomments&post=173"}],"version-history":[{"count":54,"href":"https:\/\/www.ret-renateschmidt.de\/index.php?rest_route=\/wp\/v2\/pages\/173\/revisions"}],"predecessor-version":[{"id":1060,"href":"https:\/\/www.ret-renateschmidt.de\/index.php?rest_route=\/wp\/v2\/pages\/173\/revisions\/1060"}],"wp:attachment":[{"href":"https:\/\/www.ret-renateschmidt.de\/index.php?rest_route=%2Fwp%2Fv2%2Fmedia&parent=173"}],"curies":[{"name":"wp","href":"https:\/\/api.w.org\/{rel}","templated":true}]}}